 4*z = 3*x, 0 = z - 6*z - 3*x. Suppose -1 = a + 1, z = 2*o - a - 98. Let r(d) = -d + 24. Let t be r(0). What is the greatest common factor of t and o?
24
Let p(s) = 4*s**2 + 31*s + 11. Let v be p(-9). Calculate the greatest common divisor of v and 7.
7
Suppose -11 - 7 = -2*d. Let l be 370/20 + 2/(-4). What is the greatest common divisor of d and l?
9
Suppose 2*c + 8 = 6*c. Suppose -3*w = c*w - 15. Let h be 2 - (-33*w + -3). What is the highest common divisor of h and 13?
13
Suppose 0 = -o - 4*o + 100. Let n = 3 - 5. Let t be o*-2*4/n. What is the greatest common divisor of 10 and t?
10
Let t be 18/7*1008/108. Let l = 41 - -31. What is the greatest common factor of t and l?
24
Let a(c) = c + 5. Let i be a(-4). Let z be 3*(i - 195/(-9)). Suppose -3*o - 61 = -4*g + 42, 2*g - z = -4*o. Calculate the highest common factor of g and 14.
14
Let c(s) = 5*s**3 + 4*s**2 + 5*s - 18. Let h be c(3). Calculate the highest common divisor of h and 21.
21
Let b(q) = q**2 + 10*q + 11. Let h be b(-9). Let i(o) = 2*o - 2. Let j be i(h). Calculate the greatest common factor of 22 and j.
2
Let g(h) = 4*h**2 - 4*h**2 - h**2 - 1 - 7*h. Let c be g(-5). Suppose -2*x = -0*x + 3*j - 24, j = x - 7. What is the greatest common factor of c and x?
9
Let x = 2 - -1. Suppose -x*f + 44 = 8. Calculate the highest common divisor of 12 and f.
12
Let u = -85 - -236. Suppose 0*d + 3*v - 126 = 2*d, -3*d - 5*v = u. Let x = 92 + d. What is the highest common factor of 14 and x?
7
Let h(n) = 6*n**2 - 21*n + 4. Let k be h(8). What is the highest common factor of 20 and k?
20
Let t be -6*((-24)/9 + 2). Suppose -2*x + 34 = 5*m + x, t*x = 2*m - 24. Calculate the highest common divisor of 16 and m.
8
Let q(j) = 3*j**2 + 13*j + 5. Let m be q(-5). What is the greatest common factor of 15 and m?
15
Let j be (22/(-3))/(5/15). Let b = j + 42. Let l be 1 + (-1)/((-2)/78). What is the greatest common divisor of l and b?
20
Suppose -4*n + 4 = -56. Suppose 55 = 5*g - n. What is the highest common factor of 98 and g?
14
Let z be 9/((-2)/((-8)/(-3))). Let x = -9 - z. Suppose 2*l - 19 - x = 0. What is the greatest common factor of l and 88?
11
Suppose -2*d + g - 13 = 0, 2*g - 20 = -5*d - 57. Let o = 4 - d. Calculate the highest common divisor of 88 and o.
11
Let h = 14 - -12. Suppose -h = -f + 2*o + 2*o, 3*f - 13 = -o. Calculate the highest common factor of f and 30.
6
Let t = 18 + -4. Calculate the highest common factor of 98 and t.
14
Let p be 4*4/8 + -4. Let g = 6 - p. Calculate the highest common divisor of 72 and g.
8
Suppose 12 = v + 3*v + 2*h, -4 = -3*v + h. Let a(i) = -2*i + 56. Let l be a(27). Calculate the greatest common divisor of l and v.
2
Suppose -3 + 4 = -f. Let k be (-1 + -107)*f/2. Suppose 5*b = 2*b + k. Calculate the highest common factor of b and 9.
9
Suppose -18 = -3*o + 21. What is the highest common divisor of o and 78?
13
Let j = 18 + -14. Suppose 2*h = 5*r + 3*h - 28, j*h - 16 = -4*r. Calculate the greatest common divisor of r and 9.
3
Suppose 3*k = 4*n + 2*k - 117, 0 = -5*n - 5*k + 115. Suppose -2*w + 3*s = -n - 4, -80 = -5*w - 5*s. What is the greatest common divisor of w and 2?
2
Suppose 4*a = -5*s - 55, -2*s - 4*a - 15 = -a. Let n be (27/(-5))/(s/50). Calculate the highest common factor of n and 2.
2
Let z = 19 + -10. Let w be 2/6*1*z. Suppose -y = 2*y - w. Calculate the greatest common divisor of y and 5.
1
Let o be (-3)/7 - 3/(-7). Suppose -2*x + 54 + 18 = o. What is the highest common factor of x and 9?
9
Suppose 0*d = -5*x + d, 0 = 3*x - 4*d + 17. Suppose 5*t = t. Suppose -4*i + 36 = -t*i. What is the highest common factor of i and x?
1
Suppose -o + 7 + 5 = 0. Let i be o/10*60/9. Suppose -g + 72 = 2*g. Calculate the highest common factor of i and g.
8
Let s(k) = -110*k - 3. Let h be s(-4). Let a = h + -257. Calculate the greatest common divisor of a and 20.
20
Suppose 2*g + 70 = 2*o + 7*g, 5*o - 109 = 4*g. Calculate the greatest common factor of 75 and o.
25
Let y(q) = -q - 6. Let o be y(-6). Suppose o = 5*c - 302 + 77. Calculate the highest common factor of c and 9.
9
Let k be -13*(-27)/(-2)*4/(-3). Calculate the highest common divisor of k and 18.
18
Let n(k) = 0*k + 2*k + 0 - 6. Suppose -3*q + 25 = 2*g, q + q = 2*g. Let i be n(q). What is the highest common divisor of i and 12?
4
Let u(b) = -b + 4. Let k be u(-5). Let r = k - 6. Suppose -r*s = -7*s + 68. Calculate the greatest common divisor of s and 34.
17
Let j = 10 + -1. What is the greatest common divisor of 6 and j?
3
Suppose 0*r + r = 4*z - 10, 4*r - z - 20 = 0. Calculate the greatest common divisor of r and 54.
6
Let o = 619 - 366. Calculate the greatest common factor of 23 and o.
23
Suppose -3*h - 10 = -40. Calculate the highest common factor of h and 10.
10
Let y(c) = 3*c - 7. Let r(i) = -3*i + 7. Let q(z) = 5*r(z) + 6*y(z). Let f be q(6). Let v be 77/2*(-1 - -3). Calculate the greatest common divisor of v and f.
11
Suppose 4*x - 80 = -0*x. Suppose -1090 + 430 = -3*j. What is the highest common factor of j and x?
20
Let h(k) be the first derivative of 19*k**3/3 - k**2/2 + k + 4. Let i be h(-1). Let q = 8 + -5. What is the greatest common factor of q and i?
3
Suppose 0*y + y = 8. Suppose 0 = o - 0*o - y. Calculate the highest common factor of o and 40.
8
Let h(y) = -3*y + 66. Let l be h(20). Calculate the highest common divisor of 30 and l.
6
Let g be ((-1566)/(-145))/((-3)/(-10)). Calculate the highest common factor of g and 12.
12
Suppose 0*v - 1232 = -7*v. What is the greatest common factor of 16 and v?
16
Let m(z) = z**2 + z - 3. Let s be m(-3). Let o be -16*(15/6 - s). Suppose -x - 2*t + o = -0, -t + 67 = 4*x. Calculate the highest common factor of 6 and x.
6
Let f(u) = -2*u**3 - 9*u**2 - 10*u - 8. Let q be f(-6). What is the highest common factor of 32 and q?
32
Suppose -4*i + 42 = -2*i. Calculate the highest common divisor of i and 189.
21
Suppose 0 = 5*r - 14 - 1. Suppose r*g = 5*b - 64, -2*g - 1 = 5. Let p = -7 + b. Calculate the highest common factor of p and 32.
4
Let w(f) = -3*f. Let n be w(3). Let z be (-92)/n + (-2)/9. Calculate the greatest common divisor of 110 and z.
10
Suppose 2*c + 0*c - 276 = -3*h, -4*c + 4*h + 552 = 0. Suppose 5*v - c = -8. What is the greatest common factor of v and 13?
13
Let i be (1 - 2) + 3 + 52. What is the highest common factor of i and 18?
18
Suppose -155 = 2*o - 7*o. Let k = -1 + 30. Suppose -5*m = -k - o. Calculate the highest common factor of 84 and m.
12
Let r(o) = -14*o - 53. Let j be r(-4). Suppose -3*w + 8 = -w - 2*u, 4*u = -w + 29. Calculate the greatest common factor of w and j.
3
Let c = -17 + 33. Let u(z) = 12*z**3 + 4. Let h(g) = g**3 + 1. Let x(n) = 20*h(n) - 5*u(n). Let q be x(-1). What is the greatest common factor of q and c?
8
Let o be 1/(-4) - (-15)/12. What is the greatest common divisor of o and 1?
1
Suppose 0 = 4*x + 17 - 1. Let j be (-2)/4 + (-386)/x. Calculate the greatest common factor of j and 12.
12
Let m = -6 - -11. Let g be (-3)/9 + ((-76)/(-3))/1. Calculate the highest common divisor of m and g.
5
Let d be -1*(13 - -3) + 4. Let j = d - -22. Let b(k) = 2*k**2 - 4*k + 2. Let o be b(2). Calculate the greatest common divisor of o and j.
2
Suppose 0 = -3*o - q + 7, -5*o + 10*o - q - 9 = 0. Suppose -d = -3*r - 53, -o*r - 219 = -4*d + 3*r. Calculate the greatest common factor of 14 and d.
14
Let n = -13 - -31. What is the greatest common factor of n and 90?
18
Let k = 0 + 1. Let s(v) = -v**2 - 8*v - 2. Let o be s(-7). Suppose -c + p + o = 0, -7*c + 2*c + 4*p = -24. Calculate the highest common divisor of c and k.
1
Suppose 2*i - 10 = -y, 6 = -2*i + 4*i. Suppose 4*k - 8*k = -144. Calculate the highest common factor of y and k.
4
Let i = 68 - 66. Let c(j) = 3*j. Let z be c(1). Let b = z - -2. What is the highest common factor of b and i?
1
Let h(f) be the second derivative of -f**5/20 - f**4/4 + f**3/2 - 5*f. Let k be h(-6). What is the greatest common factor of k and 36?
18
Let p = -32 + 49. Let w = 410 - 291. Suppose s - w + 0 = 0. Calculate the greatest common factor of s and p.
17
Suppose -1790 = -4*x - x. Let d = x + -138. Let p be (-276)/(-12) - (-2 - (-3 - 2)). What is the greatest common factor of p and d?
20
Let p be 1 - (-1)/((-1)/(-11)). Let j(f) = f**3 + f - 43. Let x be j(0). Let m = -31 - x. Calculate the greatest common divisor